554)/(-189) + 2/(-9). Let b(d) = -d**3 + 8*d**2 + 3. Calculate b(s).
3
Suppose -4*y + 32 = 4*l, -3 = 4*y - 3*l - 0. Let h(j) = 3*j - 7*j + y + 7*j. Give h(-4).
-9
Let z(h) = -4*h - 2. Let p be (-5)/(3/(1 - 4)). Suppose p*l + 0*l = 15, 9 = -3*g + 4*l. Suppose -3*u = 4*m - g, -2*m - 4*u + 0*u + 8 = 0. What is z(m)?
6
Let n(x) be the first derivative of -x**2 + 6*x + 54. Let f be (9/(-15))/(1/(-5)). Suppose -f = i - 7. Determine n(i).
-2
Let g(h) = h + h**2 - 2*h + 2 + 0*h. Let o(w) = -3*w + 2. Let f be o(-1). Suppose -v + 4*n = 18, -2*v + f*n + 17 = 38. Determine g(v).
4
Let n(i) = -i - 1. Let t be (1 + -2)*(6 + -5). Let l be t/(11/5 + -2). Calculate n(l).
4
Let a(h) = 20*h**3 - 9*h**2 + 17*h + 20. Let f(g) = -7*g**3 + 3*g**2 - 6*g - 7. Let u(r) = -6*a(r) - 17*f(r). Calculate u(2).
3
Suppose 3*f = 2*r - 2, -2*r + 4*f = 2*r - 12. Let v(m) be the second derivative of m**3/6 - m**2 + m. Determine v(r).
5
Let s(q) be the first derivative of q**6/120 - 2*q**5/15 + q**4/12 - 5*q**3/3 + 7*q**2/2 + 7. Let o(n) be the second derivative of s(n). What is o(8)?
6
Let q(r) = -5*r - 2 - 5 + 2 + 0*r. Determine q(-4).
15
Let q = 15/28 - 2/7. Let b(g) be the first derivative of q*g**4 + 1 + 3*g - 1/3*g**3 - 5/2*g**2. Determine b(3).
6
Suppose 4*x = -0 + 4. Let c(l) = l**2 - l. Calculate c(x).
0
Let d(x) = -x**2 + 3*x + 3. Let g(n) = -n - 1. Let o(s) = d(s) + 2*g(s). Let b = -2 - -1. Give o(b).
-1
Let n(t) = -1 - 2*t + 0 + 0 - 5*t**2. Suppose -6 = -6*l + 3*l. Let k = l - 3. Determine n(k).
-4
Let h(b) = -2*b**3 - 19*b**2 - 7*b - 3. Let m(t) = -t**3 - 9*t**2 - 4*t - 1. Let u(o) = -2*h(o) + 5*m(o). Suppose -p + 6 = 8*v - 4*v, -5*v + 15 = 0. Give u(p).
1
Suppose -2*c = -3*c + 4. Let p(d) = 5*d**3 - 3. Let i be (4/(-3))/(1/3). Let x(f) = -4*f**3 + f**2 + 3. Let t(b) = i*x(b) - 3*p(b). Give t(c).
-3
Let x(l) be the first derivative of l**6/360 + l**5/60 - l**4/6 - 2*l**3 + 5. Let y(a) be the third derivative of x(a). Calculate y(-3).
-1
Let u(v) = -4*v**2 + 5*v + 6. Let c(n) = 3*n**2 - 5*n - 6. Suppose -5*o + 3*o + 6 = 0. Let i(w) = o*c(w) + 2*u(w). What is i(5)?
-6
Let u(l) = -3*l. Let a(q) = 2*q. Let p(t) = 5*a(t) + 3*u(t). Let s be 60/(-36)*6/2. Give p(s).
-5
Let u(w) be the second derivative of -w**5/20 - w**4/12 - 2*w. Let o(d) = 5*d**3 + 3*d**2 + 3*d - 4. Let a(b) = -o(b) - 6*u(b). What is a(-4)?
0
Suppose 2*z - 8 = 6*z, 5*z - 2 = -3*r. Let l(t) = -6 - 1 - 5 + 2*t + r. Determine l(6).
4
Let c(n) = 3 - 3*n + 6*n + 0. Let b = -8 + 5. Determine c(b).
-6
Let d(m) be the second derivative of -m**3/2 - m**2/2 + 5*m. What is d(-2)?
5
Suppose -5*w + 3*x - 32 = 0, 4*w + 0*x - 2*x + 26 = 0. Let h(n) = -n + 6. Give h(w).
13
Suppose 3*n - 3 = 2*n + b, 3*n + 2*b - 9 = 0. Let s(o) = -o - 2. Determine s(n).
-5
Let i be (4 - 2/1) + -12. Let b be (1/((-2)/i))/(-1). Let d(w) be the second derivative of w**4/12 + w**3 + 2*w**2 + 7*w. What is d(b)?
-1
Let z(s) be the third derivative of -s**7/840 + 7*s**6/360 - s**5/24 - s**4/24 + 2*s**3/3 + 7*s**2. Let v(q) be the first derivative of z(q). Determine v(6).
5
Let o(r) = r + 3*r + 2 + r**3 + 0 - 5*r**2 - 3*r. Give o(4).
-10
Suppose 0 = -2*x + 3*y + 12, y = -5*x - 4 - 0. Let v(h) = -h + 3. What is v(x)?
3
Let u(w) = w**2 - 3*w - 5. Let i = 15 + -5. Let z = 15 - i. Calculate u(z).
5
Let w(y) be the second derivative of 0 - 4*y - 1/6*y**3 + 0*y**2. What is w(-7)?
7
Suppose -3*c - c + 8 = 0. Let d(f) = 0*f - 2 + c*f - 3 + 0. Calculate d(4).
3
Let f = -36 + 42. Let k(x) = -x**2 + 5*x + 3. Calculate k(f).
-3
Let w(x) be the second derivative of x**5/30 - x**4/12 + x**3/6 - 7*x. Let r(j) be the second derivative of w(j). What is r(2)?
6
Let c(s) = 2*s + 7. Suppose -38 = 5*o - 3. Determine c(o).
-7
Let v(h) be the first derivative of h**3/3 + 2*h**2 - 5*h + 21. Determine v(-5).
0
Let f be -2*3/(-3)*4. Let w = -5 + f. Let j = -7 + w. Let k(v) = v**2 + 4*v - 4. Determine k(j).
-4
Let a = 5 - 8. Let k = -2 - -2. Let g(i) = 3 + i**2 + k*i + 6*i - i. What is g(a)?
-3
Let i(o) = 5*o + 1. Let a = 0 - 1. Let c = a - -2. Determine i(c).
6
Let h(g) = 4*g + 1. Let y be h(-1). Let x(f) be the first derivative of -f**4/4 - 4*f**3/3 + f**2/2 + 4*f - 8. Give x(y).
-8
Let a(w) = -w**2 + 4*w - 3. Suppose n + 14 = 18. Determine a(n).
-3
Let w = -6 + 7. Let y(a) = -2*a**2 - a + 1. Let p be y(w). Let h(n) = -4*n - 3. Give h(p).
5
Suppose -11 = 3*q - 2. Let r(v) = -v**3 - 3*v**2 - v - 4. Give r(q).
-1
Suppose 6 = 2*n - 2*x, 0 = -n - x - 3*x - 12. Let q = -13 + 15. Suppose -q*h = -n*h. Let a(t) = t**3 + t**2 - 10. What is a(h)?
-10
Let i(g) = -3*g**3 + 26. Let r(l) = 2*l**3 - 17. Let t(s) = 5*i(s) + 8*r(s). Suppose 4*v + 2 = -10. Let d be v/6 + 2/4. Determine t(d).
-6
Suppose -5 = -y + 1. Suppose 10 = 2*c + 2. Let o(g) = -6*g**2 - 2 - c*g**3 - g**3 + g + 6*g**3. Determine o(y).
4
Let z(d) = d**2 + 3*d - 2. Let g(q) = q + 6. Let i be g(-5). Let a(y) = -4*y**3 - y**2 + y - 1. Let f be a(i). Calculate z(f).
8
Let t(l) = -l + 2. Let z(p) = -3*p + 4. Let j(r) = 7*t(r) - 3*z(r). Suppose o = -y + 6, -y - 2*o - 3*o + 22 = 0. Determine j(y).
6
Let j(d) = -d**2 - 4*d + 3. Let n be ((-6)/8)/(3/24). Let p = n + 3. Calculate j(p).
6
Let m = 10 + -2. Let g(p) = p**2 - 1 + m*p**3 - 2*p**2 + 3*p**2. Let b(o) = o - 7. Let s be b(6). Give g(s).
-7
Let h(l) = 7*l**3 - 10*l**2 - 5*l + 7. Let n(u) = -4*u**3 + 5*u**2 + 3*u - 4. Let d(i) = 3*h(i) + 5*n(i). Calculate d(4).
-15
Let u(z) = z**3 - z + 2. Let h be u(0). Let v = 3 + 2. Let y(t) = -2 + 5 - v*t - h. Give y(-1).
6
Let m(n) = -n**3 - n**2 - n. Let t(y) = -5*y**3 + y**2 + 6. Let o(z) = 4*m(z) - t(z). Give o(6).
6
Let k be 4/14 - (-36)/21. Suppose -p - 2*t + 3 = -k, t + 2 = p. Let c(h) = 0*h - p*h + 2*h. Give c(0).
0
Let o be (-1)/(1/(2 + 0)). Let p be 12*2/(o/(-1)). Suppose 0 = 5*m + y - 25, -4*y + p = 4*m - 24. Let c(q) = q**3 - 3*q**2 - 4*q + 5. Calculate c(m).
5
Let g(h) = -3*h + 3. Let l(d) = -d**2 - 8*d + 3. Let w be l(-8). Suppose 3*q + 12 = w. Determine g(q).
12
Let l(k) = 0 - 2*k + 1 + k. Let j be 6/4*(-12)/(-18). Let p = j - -2. What is l(p)?
-2
Let d(w) = w**3 - 3*w**2 + 2*w - 3. Let y(t) = -1 - 1 + 5*t - 4*t. Let q be y(5). Calculate d(q).
3
Suppose 5*y - 32 = -f + 3*f, 38 = -3*f + 5*y. Let z(u) = -u**2 - 7*u - 4. What is z(f)?
2
Suppose k - 2*k + 5 = -2*x, -5*x + 3*k - 15 = 0. Let z(g) = 0*g - g - 1 + x. Give z(0).
-1
Let n(o) = -o + 4. Let u(a) = -5*a**3 + 3*a - 2. Let l be u(1). Give n(l).
8
Let k(u) be the second derivative of -u**4/2 - u**3/6 - 18*u. Give k(1).
-7
Let q be (-4 - 2)*(-3)/(-6). Let k = 6 + q. Let n(j) = 16*j + k + 5 - 15*j. What is n(-6)?
2
Let h(p) = p - 3. Let v(l) = -3*l + 9. Let n(r) = -11*h(r) - 4*v(r). Give n(-3).
-6
Let w(u) = u - 2. Suppose -5*c + 6 = 3*f - 3*c, 5*f - 14 = -2*c. Suppose 2*b - 5*b + 5*y = 27, f*b + 19 = y. Give w(b).
-6
Let g be -3*1*8/24. Let r be ((-7)/14)/(g/(-2)). Let d(x) = 2*x - 1. Determine d(r).
-3
Let y be 3 - (3/(-3) - -3). Let d(k) be the third derivative of 1/6*k**3 + 0 + k**2 + 0*k**5 + 0*k + 1/40*k**6 - 1/12*k**4. Determine d(y).
2
Let p = -3 - -5. Let b(m) = 6*m - 7*m**p + 2*m**2 + 4*m**2 - 7. Determine b(6).
-7
Let h(b) = 2*b - 6*b + 2*b**2 + 1 + b. Let i(x) = 6*x - 8. Let g(f) = 5*f - 8. Let l(z) = 4*g(z) - 3*i(z). Let o be l(5). Determine h(o).
3
Let x(o) = -6*o. Suppose -7*t - 3 = -10. What is x(t)?
-6
Let p(w) = 0*w - 4*w**2 + 3 + 6*w + 3*w**2. Suppose -18*y = -153 + 45. Calculate p(y).
3
Let j(q) = 4*q**3 + 5*q**2 + 10. Let b(h) = -h**3 - h - 1. Let a(d) = -5*b(d) - j(d). Suppose 4*c - 7 = 9. Give a(c).
-1
Let d be 1*(0 - 3)*-1. Let z(l) = l**3 - 2*l**2 - 2*l - 1. Determine z(d).
2
Let o(b) = b - 1. Let a = -9 + 25. Suppose 6 = -17*u + a*u. Calculate o(u).
-7
Let x(t) = t - 4. Suppose -3*g + 30 = 3*a, -a - 14 = -4*g + 21. Let o(v) = v - 1 + g - 1. Let c be o(-5). Give x(c).
-2
Let l(t) be the second derivative of -t**6/120 - t**5/30 + t**4/24 + t**3/3 - 2*t**2 - 4*t. Let v(b) be the first derivative of l(b). What is v(-2)?
0
Let t = -6 + 0. Let c(v) = -8 + 30 - 18 - v - 18. Give c(t).
-8
Let r(p) = -p**2 - 5*p - 1. Let h be r(-2). Let u(k) = -4 + 2*k + 0*k - h*k + 2*k**2. Let o be (-34)/(-10) + 2/(-5). What is u(o)?
5
Suppose -g - 15 = -4*g, -2*g = 2*j - 10. Let k(m) = -m**2 - m - 1 + 0*m + 2*m**2 + 2. Give k(j).
1
Let v(j) = -j**2 - j + 9. Let q be 